isor of 47 and 517.
47
What is the highest common divisor of 42 and 12?
6
What is the highest common divisor of 26 and 650?
26
What is the highest common factor of 220 and 11?
11
What is the greatest common divisor of 424 and 159?
53
Calculate the highest common divisor of 47 and 893.
47
Calculate the greatest common factor of 1683 and 990.
99
What is the highest common divisor of 4589 and 13?
13
What is the greatest common factor of 2002 and 539?
77
Calculate the highest common divisor of 140 and 910.
70
Calculate the greatest common divisor of 9 and 36351.
9
Calculate the greatest common divisor of 68 and 2023.
17
Calculate the greatest common divisor of 1 and 13.
1
Calculate the greatest common factor of 700 and 588.
28
What is the greatest common factor of 213 and 142?
71
Calculate the greatest common factor of 1827 and 63.
63
What is the highest common divisor of 224 and 7?
7
Calculate the greatest common factor of 430 and 10.
10
What is the greatest common factor of 12 and 9?
3
Calculate the highest common divisor of 117 and 261.
9
What is the greatest common factor of 70 and 3710?
70
What is the highest common divisor of 1212 and 1313?
101
Calculate the greatest common factor of 70 and 12355.
35
Calculate the highest common divisor of 68 and 1972.
68
What is the highest common divisor of 24 and 4056?
24
Calculate the greatest common divisor of 44 and 891.
11
Calculate the highest common factor of 215 and 946.
43
What is the highest common factor of 24 and 156?
12
Calculate the highest common factor of 56 and 1072.
8
Calculate the highest common divisor of 78 and 741.
39
What is the greatest common divisor of 1744 and 48?
16
What is the greatest common factor of 16 and 2408?
8
What is the highest common factor of 3586 and 154?
22
What is the greatest common divisor of 645 and 40?
5
What is the highest common divisor of 576 and 234?
18
Calculate the greatest common factor of 156 and 1131.
39
What is the greatest common divisor of 517 and 44?
11
Calculate the greatest common factor of 26 and 14.
2
Calculate the highest common factor of 16 and 1328.
16
Calculate the highest common divisor of 1092 and 20.
4
Calculate the highest common factor of 24 and 5988.
12
Calculate the highest common factor of 15 and 50.
5
Calculate the greatest common divisor of 39 and 767.
13
What is the greatest common factor of 416 and 26?
26
Calculate the highest common divisor of 17754 and 154.
22
Calculate the highest common divisor of 2340 and 126.
18
Calculate the greatest common divisor of 15 and 195.
15
What is the highest common factor of 82 and 8?
2
What is the greatest common divisor of 1081 and 141?
47
What is the greatest common factor of 4399 and 106?
53
Calculate the greatest common factor of 2773 and 236.
59
Calculate the highest common divisor of 50 and 880.
10
What is the highest common factor of 85 and 680?
85
Calculate the greatest common factor of 90 and 3798.
18
What is the greatest common divisor of 60 and 2928?
12
Calculate the greatest common factor of 42502 and 158.
158
What is the highest common divisor of 294 and 3?
3
Calculate the highest common divisor of 36 and 162.
18
Calculate the highest common factor of 3422 and 58.
58
What is the greatest common divisor of 424 and 3922?
106
What is the highest common divisor of 1386 and 2178?
198
Calculate the highest common divisor of 112 and 7.
7
Calculate the highest common factor of 100 and 580.
20
What is the highest common factor of 10286 and 278?
278
What is the greatest common factor of 2530 and 44?
22
Calculate the greatest common divisor of 84 and 6069.
21
What is the highest common divisor of 1118 and 86?
86
What is the highest common divisor of 52 and 65?
13
Calculate the highest common divisor of 87 and 30.
3
What is the highest common factor of 27 and 81?
27
Calculate the highest common divisor of 36 and 144.
36
What is the highest common factor of 4251 and 429?
39
Calculate the greatest common divisor of 77 and 70.
7
Calculate the highest common factor of 186 and 806.
62
What is the highest common factor of 30 and 405?
15
Calculate the highest common divisor of 3444 and 252.
84
Calculate the greatest common factor of 267 and 3.
3
Calculate the highest common divisor of 177 and 3.
3
What is the greatest common divisor of 63 and 14?
7
Calculate the highest common divisor of 9 and 549.
9
Calculate the highest common divisor of 2580 and 120.
60
Calculate the highest common divisor of 99 and 209.
11
Calculate the highest common divisor of 6588 and 24.
12
What is the greatest common factor of 255 and 30?
15
Calculate the greatest common factor of 8991 and 243.
243
What is the greatest common divisor of 19 and 209?
19
Calculate the greatest common divisor of 92 and 5060.
92
What is the greatest common divisor of 156 and 12?
12
Calculate the highest common divisor of 84 and 60690.
42
Calculate the highest common divisor of 7 and 22.
1
Calculate the greatest common factor of 20 and 16350.
10
Calculate the greatest common divisor of 30 and 270.
30
What is the highest common factor of 19 and 27949?
19
Calculate the highest common divisor of 22 and 143.
11
What is the highest common factor of 9 and 9?
9
Calculate the greatest common factor of 138 and 1058.
46
What is the greatest common divisor of 44 and 27192?
44
Calculate the highest common divisor of 418 and 266.
38
What is the greatest common divisor of 24 and 81?
3
Calculate the highest common factor of 115 and 15.
5
What is the highest common divisor of 16 and 496?
16
What is the greatest common divisor of 63 and 693?
63
What is the greatest common factor of 4532 and 22?
22
Calculate the greatest common divisor of 1001 and 286.
143
Calculate the greatest common divisor of 640 and 10.
10
What is the greatest common divisor of 19 and 171?
19
What is the greatest common factor of 195 and 3055?
65
Calculate the highest common divisor of 598 and 11063.
299
Calculate the greatest common divisor of 3 and 615.
3
What is the highest common divisor of 84 and 372?
12
What is the greatest common divisor of 1108 and 4?
4
What is the highest common divisor of 12 and 774?
6
Calculate the highest common factor of 474 and 6.
6
What is the greatest common factor of 686 and 14?
14
Calculate the highest common factor of 4450 and 125.
25
Calculate the highest common divisor of 387 and 81.
9
What is the greatest common divisor of 713 and 69?
23
What is the highest common divisor of 250 and 350?
50
What is the highest common factor of 5092 and 76?
76
What is the greatest common divisor of 325 and 1365?
65
Calculate the highest common divisor of 126 and 77.
7
Calculate the highest common factor of 112 and 525.
7
What is the greatest common factor of 2432 and 19?
19
What is the highest common divisor of 567 and 63?
63
What is the highest common factor of 80920 and 68?
68
What is the greatest common factor of 95 and 1159?
19
What is the greatest common factor of 276 and 3243?
69
Calculate the highest common factor of 228 and 1007.
19
What is the greatest common divisor of 6 and 948?
6
What is the highest common divisor of 138 and 920?
46
Calculate the highest common factor of 351 and 837.
27
Calculate the greatest common divisor of 14 and 1946.
14
What is the highest common divisor of 583 and 121?
11
Calculate the greatest common divisor of 240 and 432.
48
What is the highest common factor of 40757 and 53?
53
Calculate the greatest common divisor of 169 and 37687.
169
What is the greatest common divisor of 161 and 92?
23
Calculate the greatest common divisor of 176 and 48.
16
What is the greatest common factor of 3699 and 1096?
137
What is the greatest common factor of 1605 and 15?
15
Calculate the greatest common factor of 3819 and 3216.
201
What is the highest common divisor of 1736 and 56?
56
What is the greatest common divisor of 18 and 126?
18
Calculate the highest common divisor of 73 and 949.
73
What is the highest common factor of 20 and 170?
10
What is the greatest common factor of 14 and 266?
14
Calculate the greatest common divisor of 159 and 9.
3
What is the highest common factor of 27 and 606?
3
What is the greatest common divisor of 120 and 6360?
120
Calculate the greatest common divisor of 7101 and 27.
27
What is the greatest common factor of 2